2
In base 4, what is -21310203000 - 1?
-21310203001
In base 10, what is -257703 - 17?
-257720
In base 13, what is 213 + 1615?
1828
In base 16, what is 3 + -7f7964?
-7f7961
In base 11, what is -645a14 - -4?
-645a10
In base 16, what is -3 + 39ab76?
39ab73
In base 8, what is 45545130 + 3?
45545133
In base 11, what is 448808 + -10?
4487a8
In base 4, what is 2311202 - -11221?
2323023
In base 5, what is -1032 - 40001343?
-40002430
In base 5, what is -10213 - 2140032?
-2200300
In base 10, what is -1 - 8569401?
-8569402
In base 9, what is 467700 - -25?
467725
In base 5, what is 0 + 20203204122?
20203204122
In base 13, what is -26a - 30231?
-3049b
In base 11, what is -8 + -111aa535?
-111aa542
In base 6, what is -32242210 + 10?
-32242200
In base 15, what is 12c6 - aa9?
71c
In base 8, what is 0 - -11177445?
11177445
In base 9, what is -184413158 + -10?
-184413168
In base 10, what is 6242362 - -2?
6242364
In base 13, what is 1 - -1a66010b?
1a66010c
In base 12, what is 1a6 + -181b?
-1635
In base 5, what is -12302 + -23444?
-41301
In base 8, what is 3 + -1435230106?
-1435230103
In base 5, what is -2223300 + 1433?
-2221312
In base 13, what is -1b500089 + 2?
-1b500087
In base 4, what is 123213 - -212102030?
212231303
In base 12, what is -1 - 471a51b?
-471a520
In base 6, what is -1 - -1150340030?
1150340025
In base 4, what is 230220020303031 + 3?
230220020303100
In base 3, what is 100222 - -12201001?
20002000
In base 12, what is 27b9345 - 8?
27b9339
In base 6, what is -1113 + 4042340?
4041223
In base 2, what is 1111110001000101110011000 - -101?
1111110001000101110011101
In base 4, what is -12023210011 - 2?
-12023210013
In base 13, what is 16cc6c9 - 9?
16cc6c0
In base 4, what is 2303323 - 21121?
2222202
In base 5, what is -1 - -12302130102?
12302130101
In base 11, what is -718452 + -4?
-718456
In base 3, what is -1022 - -110222000121?
110221222022
In base 8, what is -20126014 + 325?
-20125467
In base 10, what is -2 - 717294?
-717296
In base 10, what is -7 + -360207?
-360214
In base 9, what is 27435675 - -3?
27435678
In base 16, what is -2 + -234794?
-234796
In base 6, what is 14034543 - -42?
14035025
In base 11, what is 5 - -639197?
6391a1
In base 14, what is -bd9109 - -4?
-bd9105
In base 11, what is -5 + -1a14218?
-1a14222
In base 8, what is 15 - 4450741?
-4450724
In base 5, what is 143 + -2404430?
-2404232
In base 4, what is 112312 - 111333022?
-111220110
In base 5, what is -30023223 - 341?
-30024114
In base 3, what is -10201010120211021000 - 12?
-10201010120211021012
In base 5, what is 1232302203 + 0?
1232302203
In base 16, what is -330a - 1010?
-431a
In base 15, what is 439 + 140ec?
14536
In base 12, what is -2 + -9b214a?
-9b2150
In base 7, what is 314 + 10262?
10606
In base 6, what is -4 - 15503404250?
-15503404254
In base 13, what is 19243 - 17?
19229
In base 15, what is -2857e5 - 97?
-28588c
In base 6, what is 23145411 - 102?
23145305
In base 3, what is 1120210000222 + -111?
1120210000111
In base 13, what is -16b7c06 + 0?
-16b7c06
In base 3, what is -11112101212012 - -12?
-11112101212000
In base 13, what is a92 - -13b0?
2172
In base 8, what is 112 - 35567?
-35455
In base 15, what is -141be5 - -1?
-141be4
In base 6, what is 10241124 + -51?
10241033
In base 5, what is 22133030 + -40?
22132440
In base 2, what is 1000100001100000110000 + 100?
1000100001100000110100
In base 5, what is -2422 - 40102341?
-40110313
In base 3, what is -2100100221 + -12101?
-2100120022
In base 15, what is -ce469 + -46?
-ce4b0
In base 12, what is -9685092 - -2?
-9685090
In base 12, what is -42a445 - 6?
-42a44b
In base 7, what is -5 - -11133353246?
11133353241
In base 2, what is 1101011111101 - -10001100010111?
11111000010100
In base 12, what is 13a14a - -561?
13a6ab
In base 2, what is -100101000 + -101000011011101101100?
-101000011100010010100
In base 3, what is 11 - -111102120120212?
111102120121000
In base 14, what is 6 - 1a483d?
-1a4837
In base 15, what is -87bc9 - 59?
-87c33
In base 5, what is -21 + -443234421?
-443234442
In base 3, what is -111200201111 + -1111210?
-111202020021
In base 7, what is 3434112 + 122?
3434234
In base 4, what is 3223232 + -11110102?
-1220210
In base 2, what is 11 + -1001101101011000011101?
-1001101101011000011010
In base 4, what is -3 + -11023130210?
-11023130213
In base 2, what is 111 + -100110011010010100001?
-100110011010010011010
In base 7, what is 126621606 + 13?
126621622
In base 5, what is -1410320 - 21402?
-1432222
In base 12, what is -130b - -1285?
-46
In base 6, what is 305033 - -3?
305040
In base 11, what is -7168a2 - -2?
-7168a0
In base 10, what is -12060 - -1369?
-10691
In base 6, what is -24 - 23033455?
-23033523
In base 16, what is -35 + 2fec14?
2febdf
In base 13, what is -87a7646 - 0?
-87a7646
In base 15, what is 8ab6c + b73?
8b7e0
In base 9, what is -1836882 + -55?
-1837047
In base 8, what is -2071120 - -405?
-2070513
In base 3, what is -1011012102 - -11102201?
-222202201
In base 9, what is 6 - -33136756?
33136763
In base 13, what is 196316 - 87?
19625c
In base 8, what is 4562747 + 6?
4562755
In base 14, what is 62 - -27b16?
27b78
In base 5, what is 1041044 + -113?
1040431
In base 4, what is -30300322002 - -3?
-30300321333
In base 7, what is -132 - 1161031?
-1161163
In base 16, what is 29 - ee99d5?
-ee99ac
In base 15, what is 4 + 8b253b0?
8b253b4
In base 5, what is -20 - 1044111141?
-1044111211
In base 12, what is -79b93bb + 3?
-79b93b8
In base 13, what is 1a - -318a75?
318a92
In base 10, what is -121 + 275579?
275458
In base 9, what is 3 + 25176014?
25176017
In base 15, what is -189692 - 24?
-1896b6
In base 7, what is -3266 - 2414244?
-2420543
In base 10, what is 18 - 4599512?
-4599494
In base 5, what is -1202 + 43412034?
43410332
In base 10, what is -1956198786 - 5?
-1956198791
In base 9, what is 8216201 + 6?
8216207
In base 11, what is -5725 - -3132?
-25a3
In base 16, what is 5 + -27d5d1?
-27d5cc
In base 10, what is -739 + -2007?
-2746
In base 13, what is 370 - 27a0?
-2430
In base 11, what is -186 - -6a157?
69a81
In base 15, what is -2 - -2b8659?
2b8657
In base 10, what is -1104 - 72525?
-73629
In base 3, what is 20211120102 - 12221?
20211100111
In base 8, what is -25 + -2711062?
-2711107
In base 6, what is -202201 - 1245?
-203450
In base 8, what is 50 + 643337?
643407
In base 7, what is -3 - 155051210?
-155051213
In base 14, what is -d + -372cdd?
-372d0c
In base 11, what is -9988517 - -1?
-9988516
In base 15, what is 9ac4980 + -7?
9ac4978
In base 10, what is 12 + -5754964?
-5754952
In base 12, what is 38 - -22858?
22894
In base 5, what is 3211 + 133310414?
133314130
In base 10, what is -892 - 11171?
-12063
In base 4, what is -122221010 + 122303?
-122032101
In base 4, what is 22301301111 + -11?
22301301100
In base 16, what is -1 + 15ec00f?
15ec00e
In base 2, what is -111101010011111110 + 1100?
-111101010011110010
In base 16, what is -36 - -22c83?
22c4d
In base 5, what is -4141 - 1131030?
-1140221
In base 2, what is 1010111011 - 10011101111110?
-10010011000011
In base 4, what is 10012230 - -11?
10012301
In base 15, what is -5 + 1d594c?
1d5947
In base 10, what is -165 + -8507?
-8672
In base 10, what is -14079 + 1015?
-13064
In base 4, what is -1001132102122 - 1?
-1001132102123
In base 2, what is -100 + -1111111011101101111100011?
-1111111011101101111100111
In base 14, what is -9dd97 - -3d0?
-9d9a7
In base 11, what is 12a4634 + 74?
12a46a8
In base 15, what is -c25 + b176?
a451
In base 5, what is 20330331334 + 1?
20330331340
In base 9, what is 0 - 1470418?
-1470418
In base 5, what is -10422102034 - 11?
-10422102100
In base 2, what is -110100111110111 - -110101110000?
-101110010000111
In base 15, what is -50db8 + -3?
-50dbb
In base 7, what is -56612462 - 351?
-56613143
In base 9, what is -21632 + 4621?
-16011
In base 11, what is -3023881 + 1?
-3023880
In base 5, what is -4333 + -334213?
-344101
In base 13, what is 4a70582 - -3?
4a70585
In base 16, what is -6eb - -db9?
6ce
In base 9, what is 168265872 - -3?
168265875
In base 12, what is 2 + -43212ba?
-43212b8
In base 3, what is 0 - -1011012221110102?
1011012221110102
In base 4, what is -122 - -111132201?
111132013
In base 12, what is -1846b5 + -23?
-184718
In base 14, what is dd - 5d30?
-5c31
In base 3, what is -2002202020112210 + 102?
-2002202020112101
In base 12, what is 18551 - 